f + 53. Let q be g(3). What is the highest common divisor of q and 206?
103
Let u(j) = j**2 + 2*j. Let n be u(-6). Suppose -69*z + 60*z = -45. Suppose -3*k + 97 = -v, n - z = k + 3*v. What is the greatest common divisor of k and 155?
31
Suppose 17*i = 2611 + 925. Let d = 370 - i. Calculate the greatest common divisor of d and 54.
54
Let n(m) = 4*m**2 - 52*m + 105. Let t be n(19). What is the greatest common factor of t and 255?
51
Suppose -9*o + 12*o - 28 = -f, -2*o - 42 = -4*f. Calculate the highest common divisor of 11791 and f.
13
Let o be ((-9)/(-6))/((-191)/(-771640)). Calculate the highest common factor of o and 120.
60
Suppose -2*h - 6 = f - 3*h, -3*f - 4*h = 11. Let b(y) = -13*y - 55. Let p be b(f). Calculate the greatest common factor of p and 95.
5
Let u(g) = -g**3 + 37*g**2 - 100*g - 63. Let v be u(34). Calculate the highest common factor of 1565 and v.
5
Let r be 4/(-24)*2 + 98*(-1)/(-6). What is the greatest common divisor of 1616 and r?
16
Let d be -1*10/5*-56. Suppose -7*g + 5*g = -r + 41, -5*g + d = 3*r. What is the greatest common divisor of r and 351?
39
Let q = 2443 + -2402. What is the highest common divisor of q and 2009?
41
Let y(s) be the first derivative of 5*s**2/2 - 99*s + 97. Let f be y(20). Suppose 3*j + 8 = 2*r + j, -8 = 4*j. Calculate the highest common factor of f and r.
1
Suppose -384 = -5*a - 12*q + 11*q, -220 = -3*a + 2*q. Calculate the greatest common divisor of 1007 and a.
19
Suppose 8938*s + 2190 = 9011*s. What is the greatest common divisor of 390 and s?
30
Suppose 69*v - 111*v + 462 = 0. What is the greatest common divisor of v and 8987?
11
Let t be ((-3)/3*1)/(15/271755*-1). What is the highest common divisor of t and 54?
27
Suppose h + 3 = 1, -273 = -5*p - h. Let q = -29 + p. Let j(m) = -m**3 + 9*m**2 - 11*m - 6. Let l be j(5). What is the highest common factor of q and l?
13
Suppose 135 = 4*k - 0*w - 3*w, 0 = k + 3*w - 30. Let u = 105947 + -105944. What is the highest common factor of u and k?
3
Suppose -2*g = -2*k - 2414, 0 = -16*g + 12*g + 5*k + 4820. What is the greatest common divisor of 35 and g?
5
Suppose -96 = -3*g + g. Let s = 216948 + -216780. Calculate the highest common divisor of g and s.
24
Suppose 5*h + 69 = g, -10*h - 168 = -2*g - 5*h. Calculate the greatest common divisor of 648 and g.
9
Let f = -15850 + 39511. What is the greatest common factor of f and 99?
99
Suppose 55*s + 135 = 82*s. Suppose -2*a - 104 = -2*f + 138, -2*a + 383 = 3*f. Calculate the highest common factor of f and s.
5
Let s(t) = 260*t + 816. Let x be s(-3). What is the greatest common divisor of 208 and x?
4
Suppose 94*v - 99*v = -120. Let p = -37 - -19. Let i(t) = t**3 + 19*t**2 + 16*t - 24. Let j be i(p). What is the highest common divisor of v and j?
12
Let i(x) = -x - 3. Let n be i(-5). Let z = 21 - 21. Suppose z*b = 2*g - 4*b - 32, n*g = -5*b + 5. Calculate the highest common factor of g and 90.
10
Suppose -4*m + 6720 = 31*m + 21*m. Calculate the highest common factor of m and 60.
60
Let w be (13/(-195)*5)/((-2)/(395 + 1)). What is the greatest common divisor of 2145 and w?
33
Let q = -137 - -167. Suppose -h + 46 = 3*m, q = 2*m - 47*h + 48*h. What is the greatest common divisor of 88 and m?
8
Let a(o) = 13*o - 13. Let b be 0 - 10/25 - (-2)/5. Suppose -g = -4 - b. Let k be a(g). Calculate the greatest common divisor of k and 13.
13
Suppose 27 = u - h, 31 = u - 32*h + 29*h. Let z = 657 - 407. What is the highest common divisor of z and u?
25
Suppose 2*q - 5 = 5. Suppose -q*k + 0*k + 2*i = -47, 0 = k + 4*i - 27. Let y be -140 + 230 - (0 + 2). What is the greatest common factor of y and k?
11
Let j be (-205)/(-3 + -2) + 1 + -4. Let t = 46 - j. Suppose -4*s + 3 = 3*g - 128, -156 = -5*s + 4*g. Calculate the highest common divisor of t and s.
8
Let w = 498 - 474. Suppose -12*k - w = -13*k. Suppose -2*l + 0*b - 2*b = 2, l = -4*b - 13. Calculate the greatest common divisor of l and k.
3
Let n = -923 + 968. Suppose -42 = 38*p - n*p. What is the highest common factor of 894 and p?
6
Let b be (-6*1)/2 - (4 - 10). Suppose b*p = -4*p + 21. Suppose x - 88 = -2*d, -x + p*d + 80 = d. What is the highest common divisor of x and 210?
42
Let d be ((-85)/((-2295)/26649))/(0 - 6/(-16)). Calculate the greatest common divisor of d and 448.
56
Suppose -10*d = -28 + 28. Suppose 5*y + 2*b - 86 = d, 7*y - 3*y + 5*b - 79 = 0. What is the highest common divisor of 6 and y?
2
Suppose -26*k + 1864 = 50*k - 9688. What is the highest common divisor of k and 8588?
76
Let g = -398 - 423. Let z be (-2)/7 + g/(-7). Calculate the greatest common divisor of z and 26.
13
Let h be (4/4 + -2)*-2182 - -3. Calculate the highest common factor of 95 and h.
95
Suppose -13*b + 904 = -487. Let g = -103 + b. What is the highest common divisor of g and 68?
4
Let y be (29 - 1)*(-14 - (-910)/56). What is the highest common divisor of y and 423?
9
Let t be (-50)/(-1200)*-40 - (286/6)/(-1). Let h be 3789/33 - (-4)/22. Calculate the greatest common divisor of t and h.
23
Let i = 59 - 53. Let x be 4*(-3)/i*(-3 + 1). Calculate the greatest common divisor of x and 196.
4
Let s = 8 + -17. Let z = s + 24. Let i be (14/(-35))/((2/(-300))/((-38)/(-57))). What is the greatest common factor of i and z?
5
Let u(g) = -4*g**3 - 30*g**2 - 92*g - 394. Let i be u(-16). What is the highest common divisor of 292 and i?
146
Let l = -4655 + 6242. Calculate the greatest common factor of 23 and l.
23
Let j(w) = -2*w + 29. Let q be j(13). Suppose q*u - 57 - 6 = 0. Suppose 4*h - 20 = 0, -2*h - u = -2*y + 13. What is the greatest common divisor of y and 176?
22
Suppose -h - p + 22 = 0, -6*h + 32 = 5*p - 90. Suppose 4*r + 134 = -s, 5*s - 122 = 4*r - 0*r. Let q = r + 129. Calculate the highest common factor of q and h.
12
Suppose -2*b - 4*c - 15 = -5, -4*b + 2*c + 20 = 0. Suppose -5*z - 22 = 3, b*f - 585 = 3*z. Suppose k = -k + f. What is the highest common divisor of 38 and k?
19
Let t = -3257 - -3367. What is the highest common divisor of t and 4345?
55
Let t = -214 - -274. Let f(i) = -13*i + 3. Let v be f(-9). Suppose -6*p + p + v = 0. Calculate the highest common divisor of p and t.
12
Suppose -2*d + 4*y + 2008 = 0, -10*d + 9*d - 2*y + 996 = 0. Suppose -23*x = -18*x - d. What is the greatest common divisor of x and 25?
25
Let f(u) = 43*u - 22. Let v(m) = 130*m - 66. Let b(i) = -8*f(i) + 3*v(i). Let x be b(2). What is the greatest common divisor of x and 630?
70
Let f = -14208 + 14784. Calculate the highest common divisor of f and 396.
36
Suppose -b = -371 + 291. What is the highest common factor of 3824 and b?
16
Suppose 0 = 322*s + 621*s - 20746. Suppose -2*z = 3*z - 550. Calculate the greatest common factor of s and z.
22
Suppose 4*s - 1795 = -423. Let h be (-2871)/(-435) - 8/(-20). What is the greatest common divisor of h and s?
7
Suppose -532*p = -609780 - 449964. What is the greatest common divisor of 312 and p?
24
Let c(a) = 15 + 27 + 4*a**3 - 3*a**3 - 28. Suppose 5*q - 12 = -4*n + 4, -4*q + n = 4. Let o be c(q). What is the highest common divisor of 14 and o?
14
Let c(g) = g**2 - 4*g - 6. Let q be c(4). Let u be (-11)/22 - 165/q. What is the greatest common factor of 27 and u?
27
Let i be 1670 + -5 - -4 - (1 + -9). What is the highest common factor of i and 273?
39
Let b(w) = -13*w**2 + 19*w**2 - 23 - w**2 - w**3 + 5*w. Let a be b(4). What is the greatest common factor of a and 611?
13
Let i be (-3*(-14)/(-105))/((6/9750)/(-1)). Calculate the greatest common factor of 442 and i.
26
Let u(t) = 8*t**2 + 24*t - 21. Let a be u(11). Calculate the greatest common factor of a and 63.
7
Let m be ((0 + 1)*226)/(-285 + 287). What is the highest common divisor of 4859 and m?
113
Suppose 85*z - 95*z + 10 = 0. Let l(p) = 130*p + 10. Let u be l(z). What is the greatest common divisor of 120 and u?
20
Suppose -3*o + 13*z = 8*z - 3328, o = -z + 1104. Calculate the greatest common divisor of 42 and o.
14
Let r be (-2 - -748)*(75/10)/(-15). Let n = -335 - r. What is the highest common divisor of n and 133?
19
Let r = 4 - -9. Suppose z - 3*f = -23 + 120, 3*z - 5*f = 283. Calculate the highest common factor of z and r.
13
Suppose -7666 - 9124 - 1746 = -331*b. Suppose 0 = -5*j + 25, 2*k - j + 21 = 3*k. Calculate the greatest common divisor of k and b.
8
Suppose 5*b - 531 = -4*f, 42 = 21*f - 28*f. Wh